-d**3 - 22*d**2 + 23*d - 4. Give l(-23).
-4
Let k(q) = -q**2 - 15*q - 10. Give k(-15).
-10
Let b(s) = s**2 - 6*s - 9. Determine b(5).
-14
Let d(c) = -9*c - 40. Determine d(8).
-112
Let z(q) = q**3 + 8*q**2 - 9*q + 8. What is z(-9)?
8
Let f(k) = 2*k**2 - 7*k + 5. Give f(4).
9
Let j(y) = y**3 + 7*y**2 + 5*y - 3. Determine j(-6).
3
Let z(n) = n**3 - 19*n**2 + 14*n - 17. Calculate z(18).
-89
Let d(j) = 7*j + 27. Calculate d(5).
62
Let t(f) = 5*f + 103. Calculate t(-20).
3
Let d(k) = 6*k - 35. Calculate d(8).
13
Let p(w) = -2*w**2 - w - 1. Determine p(-1).
-2
Let h(l) = -3*l**2 + 6*l + 3. What is h(3)?
-6
Let f(b) = 3*b**2 + 31*b - 15. What is f(-11)?
7
Let d(r) = 74*r - 22. What is d(1)?
52
Let s(t) = -7*t - 42. What is s(-7)?
7
Let r(v) = -5*v - 37. Calculate r(-6).
-7
Let x(v) = v**3 - 35*v**2 + 32*v + 66. What is x(34)?
-2
Let g(j) = 93*j**3 - j**2 + 1. What is g(1)?
93
Let q(l) = l**3 - 6*l**2 + 2*l - 6. Determine q(6).
6
Let a(t) = t**3 + 11*t**2 + 21*t + 19. Calculate a(-9).
-8
Let t(h) = -h**2 - 13*h - 25. Give t(-4).
11
Let h(v) = -2*v**2 - 2*v - 3. Calculate h(-3).
-15
Let s(z) = z**3 + 13*z**2 + 11*z - 22. Determine s(-12).
-10
Let d(w) = -w**3 - 12*w**2 - 3*w + 72. Give d(-11).
-16
Let s(j) = j - 10. Determine s(6).
-4
Let y(q) = -q**2 + 16*q - 16. Determine y(7).
47
Let y(r) = -8*r - 10. Calculate y(-8).
54
Let f(x) = -6*x**2 + 8*x + 14. Determine f(-2).
-26
Let x(t) = 8*t + 16. Calculate x(-15).
-104
Let u(z) = 29*z + 250. What is u(-9)?
-11
Let a(j) = j**2 - 26*j + 116. What is a(6)?
-4
Let z(u) = -u**3 + 3*u**2 + 4*u + 2. Give z(6).
-82
Let c(j) = -j**2 - 4*j. Calculate c(4).
-32
Let j(z) = z**3 + z**2. Give j(0).
0
Let s(b) = -b**2 - 14*b + 10. Determine s(-18).
-62
Let i(s) = -64*s + 191. Give i(3).
-1
Let x(o) = -6*o - 12. Calculate x(-2).
0
Let n(f) = 16*f - 11. Give n(-1).
-27
Let n(z) = z - 9. Determine n(10).
1
Let c(a) = 23*a**3 + 2*a**2 - 7*a + 5. Give c(1).
23
Let u(a) = -3*a + 17. Calculate u(13).
-22
Let b(c) = -c**2 - 6*c - 10. Determine b(-4).
-2
Let k(f) = -f**3 - 23*f**2 - 25*f - 30. Give k(-22).
36
Let u(v) = v**2 + 8*v + 14. What is u(-3)?
-1
Let z(i) = -i**3 - 17*i**2 + 22*i - 9. Determine z(-18).
-81
Let k(u) = 10*u - 69. Determine k(8).
11
Let t(m) = -2*m**2 + 10*m + 4. Give t(-5).
-96
Let k(x) = -11*x**3 + x**2 + 2*x + 2. What is k(-2)?
90
Let z(o) = o**2 - 21*o + 138. Determine z(12).
30
Let k(u) = 5*u**2 - 50*u + 87. Give k(8).
7
Let v(h) = -h**2 + 41*h - 15. Give v(41).
-15
Let y(s) = -s**3 - 4*s**2 - 3*s - 1. What is y(-4)?
11
Let p(z) = 9*z - 5. Calculate p(-1).
-14
Let b(z) = -z - 7. Give b(0).
-7
Let v(k) = 6*k + 2. What is v(-1)?
-4
Let u(l) = l**2 + 36*l + 151. Determine u(-31).
-4
Let n(b) = b**3 - 6*b**2 - 2*b. What is n(7)?
35
Let u(l) = l**3 + 8*l**2 + 6*l + 18. Give u(-7).
25
Let t(i) = i**3 - 5*i**2 - i - 5. Determine t(5).
-10
Let d(z) = -z**2 - 19*z - 64. Determine d(-15).
-4
Let a(b) = -b**2 + 8*b + 21. Give a(10).
1
Let o(z) = z**3 + 7*z**2 + 3*z - 6. Calculate o(-6).
12
Let f(u) = u**2 - 11*u + 19. What is f(10)?
9
Let z(i) = i**2 - 7*i - 16. What is z(9)?
2
Let m(a) = a**2 + 5*a - 7. What is m(3)?
17
Let h(p) = p**2 - 8*p - 11. Give h(9).
-2
Let g(t) = -3*t - 12. Determine g(-5).
3
Let d(c) = c**2 + c - 8. Give d(-5).
12
Let r(p) = 9*p - 40. Determine r(5).
5
Let k(v) = -2*v**3 - 12*v**2 + 7*v + 15. Give k(-7).
64
Let x(b) = b - 7. Determine x(12).
5
Let t(q) = q**2 + 50*q + 180. Calculate t(-46).
-4
Let b(p) = p**3 + 4*p**2 - 7*p - 3. What is b(-4)?
25
Let r(m) = -m**3 - 12*m**2 + 6. What is r(-12)?
6
Let z(g) = 4*g + 93. What is z(0)?
93
Let v(c) = c**2 - 11*c - 5. Give v(12).
7
Let p(s) = 18*s - 75. What is p(4)?
-3
Let b(i) = i. Give b(-7).
-7
Let x(i) = -i**2 + 4*i + 111. What is x(13)?
-6
Let j(q) = q**2 + 2*q + 2. Determine j(-1).
1
Let n(a) = -a - 2. Determine n(-1).
-1
Let k(l) = 2*l + 5. Calculate k(5).
15
Let r(z) = -9*z**3 - z**2 + 58*z + 58. Calculate r(-1).
8
Let v(m) = -16*m + 201. Determine v(13).
-7
Let w(d) = -d - 6. Give w(7).
-13
Let j(k) = -2*k**2 - 15*k - 12. Determine j(-8).
-20
Let m(y) = y**3 - 6*y**2 - y + 4. Calculate m(-2).
-26
Let f(x) = -45*x + 449. Calculate f(10).
-1
Let b(s) = s**3 + 47*s**2 + 45*s - 43. Determine b(-46).
3
Let w(m) = 2*m**3 - m - 3. What is w(2)?
11
Let l(u) = 5*u**2 - 62*u + 4. What is l(8)?
-172
Let n(h) = -h**2 + 10*h. Calculate n(9).
9
Let s(d) = 2*d**2 - 39. Give s(0).
-39
Let z(c) = -2*c - 44. Give z(5).
-54
Let h(v) = v**2 - 6. Give h(-10).
94
Let x(u) = 32*u + 111. Determine x(-3).
15
Let u(w) = 3*w + 4. What is u(-7)?
-17
Let p(b) = b**2 - 12*b. Give p(12).
0
Let w(x) = -x**3 + 7*x**2 + 7*x + 11. Give w(8).
3
Let d(u) = -4*u - 14. Determine d(-3).
-2
Let x(p) = -13*p - 117. Calculate x(-9).
0
Let f(w) = 4*w - 51. Give f(12).
-3
Let n(a) = a**2 + a + 5. Determine n(-5).
25
Let z(k) = -k**2 - 4*k + 2. Determine z(-4).
2
Let m(w) = 5*w**2 + 3*w - 2. What is m(3)?
52
Let g(s) = -s - 2. Give g(7).
-9
Let q(w) = -w - 17. Give q(-16).
-1
Let s(z) = z**3 - 10*z**2 + 9*z + 6. Determine s(9).
6
Let r(n) = n**3 + 14*n**2 + 18*n - 23. Determine r(-12).
49
Let u(q) = -q**2 - 5*q - 6. What is u(-5)?
-6
Let c(a) = -a**2 + 3*a + 18. Calculate c(7).
-10
Let h(s) = -s**2 + 30*s + 6. Calculate h(30).
6
Let u(j) = 14*j - 25. Determine u(6).
59
Let x(b) = b**2 - 9*b - 39. Calculate x(-3).
-3
Let l(c) = 5*c + 46. Calculate l(-14).
-24
Let i(t) = t**3 + 10*t**2 + t + 1. Determine i(-10).
-9
Let p(o) = 10*o + 25. What is p(-3)?
-5
Let o(q) = -2*q**2 + q + 3. Give o(-2).
-7
Let s(w) = w**3 - 9*w**2 - 2*w + 28. Determine s(9).
10
Let p(x) = -x**2 + 12*x - 19. Give p(11).
-8
Let d(x) = -x**2 + 10*x - 10. What is d(12)?
-34
Let v(a) = -a - 2. Determine v(-1).
-1
Let r(q) = 3*q**3 + 5*q**2 - 9*q + 12. Give r(-4).
-64
Let d(u) = u - 8. What is d(3)?
-5
Let h(n) = -n**3 - 3*n**2 + 4*n - 3. Calculate h(-5).
27
Let p(q) = -q - 29. Determine p(-22).
-7
Let i(y) = -6*y + 10. Calculate i(7).
-32
Let g(c) = c - 92. Determine g(-23).
-115
Let c(v) = -v**3 + 29*v**2 - 58*v + 124. Give c(27).
16
Let l(j) = j**3 + 24*j**2 - 26*j - 20. Calculate l(-25).
5
Let h(m) = -m**3 + m**2 + 2*m + 27. What is h(0)?
27
Let w(f) = -2*f - 22. Calculate w(-12).
2
Let q(c) = -c**2 + 11*c - 14. Calculate q(12).
-26
Let n(t) = -3*t**2 + 27*t + 25. Give n(12).
-83
Let v(y) = -4*y + 3. What is v(-8)?
35
Let m(z) = z**3 + 7*z**2 - 7*z + 5. Determine m(-8).
-3
Let c(o) = -o**3 - 12*o**2 - 12*o - 13. Calculate c(-11).
-2
Let r(o) = 6*o + 129. Determine r(-23).
-9
Let a(o) = 6*o**2 + 4*o. Calculate a(3).
66
Let r(g) = -g**2 + g + 34. Calculate r(0).
34
Let k(m) = -13*m - 129. Determine k(-9).
-12
Let a(n) = -12*n + 45. Give a(4).
-3
Let h(n) = n**2 + n - 3. Give h(1).
-1
Let x(o) = 28*o + 2. What is x(-1)?
-26
Let a(b) = -10*b**2 - 4*b - 1. Give a(-3).
-79
Let p(w) = -3*w - 24. What is p(-18)?
30
Let d(q) = -q**3 + 3*q**2 + 2*q + 4. Give d(3).
10
Let n(c) = 4*c**2 - 56*c + 6. Determine n(14).
6
Let u(w) = 5*w - 66. Give u(16).
14
Let n(h) = -11*h - 32. Calculate n(-3).
1
Let p(q) = -q**3 - 7*q**2 - 8*q. Determine p(-5).
-10
Let y(s) = -s**2 + 3*s + 12. Calculate y(5).
2
Let t(p) = -2*p - 1. Calculate t(4).
-9
Let y(w) = w**2. Give y(2).
4
Let n(c) = 2*c**2 - 2*c - 10. Calculate n(-2).
2
Let x(n) = 13*n + 5. Calculate x(6).
83
Let p(r) = -r**2 + 23*r - 139. Determine p(8).
-19
Let h(r) = r**3 + 8*r**2 - 33*r + 7. Calculate h(-11).
7
Let m(t) = 2*t - 3. What is m(-11)?
-25
Let t(a) = -26*a + 103. Give t(4).
-1
Let i(u) = u**2 + 3*u + 1. What is i(-6)?
19
Let d(g) = -2*g + 34. What is d(17)?
0
Let d(p) = -3*p**2 - 4. Give d(0).
-4
Let n(c) = -c**2 - 28*c - 23. What is n(-28)?
-23
Let m(k) = -75*k - 6. Calculate m(1).
-81
Let c(l) = 4*l**2 + 20*l + 20. What is c(-4)?
4
Let v(g) = 3*g**2 + g - 25. Determine v(4).
27
Let o(d) = -4*d**2 + 2*d + 1. What is o(-1)?
-5
Let i(c) = c - 7. Give i(0).
-7
Let s(b) = 3*b + 5. Calculate s(-6).
-13
Let x(n) = 2*n**2 - 18*n - 16. Determine x(10).
4
Let m(y) = -y**3 - 10*y**2 - 4*y. Determine m(-9).
-45
Let o(c) = 3*c**3 + 2*c**2 + 19*c + 32. Give o(-2).
-22
Let t(p) = 2*p - 9. Give t(-10).
-29
Let b(a) = -6*a**2 - 102*a + 12. Give b(-17).
12
Let f(l) = -l**3 + 22*l**2 + 30*l - 42. Give f(23).
119
Let u(s) = s**2 - 6*s - 9. Calculate u(7).
-2
Let q(k) = -2*k - 5